{"id":267,"date":"2021-01-22T00:28:57","date_gmt":"2021-01-22T00:28:57","guid":{"rendered":"http:\/\/heroldundherold.de\/?page_id=267"},"modified":"2021-01-22T00:28:58","modified_gmt":"2021-01-22T00:28:58","slug":"voelker-des-nordens","status":"publish","type":"page","link":"https:\/\/heroldundherold.de\/?page_id=267","title":{"rendered":"V\u00f6lker des Nordens"},"content":{"rendered":"\n<figure class=\"wp-block-image\"><img loading=\"lazy\" decoding=\"async\" width=\"1024\" height=\"724\" src=\"http:\/\/heroldundherold.de\/wp-content\/uploads\/2020\/07\/816c0d7d-4f14-400c-ba0b-d95101e0a68a-1024x724.jpg\" alt=\"\" class=\"wp-image-242\" srcset=\"https:\/\/heroldundherold.de\/wp-content\/uploads\/2020\/07\/816c0d7d-4f14-400c-ba0b-d95101e0a68a-1024x724.jpg 1024w, https:\/\/heroldundherold.de\/wp-content\/uploads\/2020\/07\/816c0d7d-4f14-400c-ba0b-d95101e0a68a-300x212.jpg 300w, https:\/\/heroldundherold.de\/wp-content\/uploads\/2020\/07\/816c0d7d-4f14-400c-ba0b-d95101e0a68a-768x543.jpg 768w, https:\/\/heroldundherold.de\/wp-content\/uploads\/2020\/07\/816c0d7d-4f14-400c-ba0b-d95101e0a68a.jpg 1600w\" sizes=\"(max-width: 1024px) 100vw, 1024px\" \/><\/figure>\n\n\n\n<p>V\u00f6lker des Nordens ist ein Projekt welches wir bald vollst\u00e4ndig pr\u00e4sentieren. Verfolge die Entwicklung in den sozialen Medien \ud83d\ude42 <\/p>\n","protected":false},"excerpt":{"rendered":"<p>V\u00f6lker des Nordens ist ein Projekt welches wir bald vollst\u00e4ndig pr\u00e4sentieren. Verfolge die Entwicklung in den sozialen Medien \ud83d\ude42<\/p>\n","protected":false},"author":1,"featured_media":0,"parent":0,"menu_order":0,"comment_status":"closed","ping_status":"closed","template":"","meta":{"footnotes":""},"class_list":["post-267","page","type-page","status-publish","hentry"],"_links":{"self":[{"href":"https:\/\/heroldundherold.de\/index.php?rest_route=\/wp\/v2\/pages\/267"}],"collection":[{"href":"https:\/\/heroldundherold.de\/index.php?rest_route=\/wp\/v2\/pages"}],"about":[{"href":"https:\/\/heroldundherold.de\/index.php?rest_route=\/wp\/v2\/types\/page"}],"author":[{"embeddable":true,"href":"https:\/\/heroldundherold.de\/index.php?rest_route=\/wp\/v2\/users\/1"}],"replies":[{"embeddable":true,"href":"https:\/\/heroldundherold.de\/index.php?rest_route=%2Fwp%2Fv2%2Fcomments&post=267"}],"version-history":[{"count":1,"href":"https:\/\/heroldundherold.de\/index.php?rest_route=\/wp\/v2\/pages\/267\/revisions"}],"predecessor-version":[{"id":270,"href":"https:\/\/heroldundherold.de\/index.php?rest_route=\/wp\/v2\/pages\/267\/revisions\/270"}],"wp:attachment":[{"href":"https:\/\/heroldundherold.de\/index.php?rest_route=%2Fwp%2Fv2%2Fmedia&parent=267"}],"curies":[{"name":"wp","href":"https:\/\/api.w.org\/{rel}","templated":true}]}}

Völker des Nordens

<figure class="wp-block-image"><img loading="lazy" decoding="async" width="1024" height="724" src="http://heroldundherold.de/wp-content/uploads/2020/07/816c0d7d-4f14-400c-ba0b-d95101e0a68a-1024x724.jpg" alt="" class="wp-image-242" srcset="https://heroldundherold.de/wp-content/uploads/2020/07/816c0d7d-4f14-400c-ba0b-d95101e0a68a-1024x724.jpg 1024w, https://heroldundherold.de/wp-content/uploads/2020/07/816c0d7d-4f14-400c-ba0b-d95101e0a68a-300x212.jpg 300w, https://heroldundherold.de/wp-content/uploads/2020/07/816c0d7d-4f14-400c-ba0b-d95101e0a68a-768x543.jpg 768w, https://heroldundherold.de/wp-content/uploads/2020/07/816c0d7d-4f14-400c-ba0b-d95101e0a68a.jpg 1600w" sizes="(max-width: 1024px) 100vw, 1024px" /></figure>



<p>Völker des Nordens ist ein Projekt welches wir bald vollständig präsentieren. Verfolge die Entwicklung in den sozialen Medien 🙂 </p>

<p>Völker des Nordens ist ein Projekt welches wir bald vollständig präsentieren. Verfolge die Entwicklung in den sozialen Medien 🙂</p>
